{"id":31,"date":"2022-10-20T11:18:52","date_gmt":"2022-10-20T11:18:52","guid":{"rendered":"http:\/\/www.dogeinsaat.com\/index.php\/about\/"},"modified":"2022-10-21T09:10:49","modified_gmt":"2022-10-21T09:10:49","slug":"hakkimizda","status":"publish","type":"page","link":"https:\/\/www.dogeinsaat.com\/index.php\/hakkimizda\/","title":{"rendered":"Hakk\u0131m\u0131zda"},"content":{"rendered":"\t\t<div data-elementor-type=\"wp-page\" data-elementor-id=\"31\" class=\"elementor elementor-31\">\n\t\t\t\t\t\t<section class=\"elementor-section elementor-top-section elementor-element elementor-element-5131a13e elementor-section-boxed elementor-section-height-default elementor-section-height-default\" data-id=\"5131a13e\" data-element_type=\"section\" data-e-type=\"section\" data-settings=\"{&quot;background_background&quot;:&quot;classic&quot;}\">\n\t\t\t\t\t\t\t<div class=\"elementor-background-overlay\"><\/div>\n\t\t\t\t\t\t\t<div class=\"elementor-container elementor-column-gap-default\">\n\t\t\t\t\t<div class=\"elementor-column elementor-col-100 elementor-top-column elementor-element elementor-element-1053ca7a\" data-id=\"1053ca7a\" data-element_type=\"column\" data-e-type=\"column\">\n\t\t\t<div class=\"elementor-widget-wrap elementor-element-populated\">\n\t\t\t\t\t\t<div class=\"elementor-element elementor-element-3d99e122 elementor-widget elementor-widget-heading\" data-id=\"3d99e122\" data-element_type=\"widget\" data-e-type=\"widget\" data-widget_type=\"heading.default\">\n\t\t\t\t<div class=\"elementor-widget-container\">\n\t\t\t\t\t<h1 class=\"elementor-heading-title elementor-size-default\">Hakk\u0131m\u0131zda<\/h1>\t\t\t\t<\/div>\n\t\t\t\t<\/div>\n\t\t\t\t\t<\/div>\n\t\t<\/div>\n\t\t\t\t\t<\/div>\n\t\t<\/section>\n\t\t\t\t<section class=\"elementor-section elementor-top-section elementor-element elementor-element-40177ae0 elementor-section-boxed elementor-section-height-default elementor-section-height-default\" data-id=\"40177ae0\" data-element_type=\"section\" data-e-type=\"section\">\n\t\t\t\t\t\t<div class=\"elementor-container elementor-column-gap-no\">\n\t\t\t\t\t<div class=\"elementor-column elementor-col-50 elementor-top-column elementor-element elementor-element-2828f573\" data-id=\"2828f573\" data-element_type=\"column\" data-e-type=\"column\">\n\t\t\t<div class=\"elementor-widget-wrap elementor-element-populated\">\n\t\t\t\t\t\t<div class=\"elementor-element elementor-element-68afc23b elementor-widget elementor-widget-heading\" data-id=\"68afc23b\" data-element_type=\"widget\" data-e-type=\"widget\" data-widget_type=\"heading.default\">\n\t\t\t\t<div class=\"elementor-widget-container\">\n\t\t\t\t\t<h2 class=\"elementor-heading-title elementor-size-default\">Doge \u0130n\u015faat<\/h2>\t\t\t\t<\/div>\n\t\t\t\t<\/div>\n\t\t\t\t\t<\/div>\n\t\t<\/div>\n\t\t\t\t<div class=\"elementor-column elementor-col-50 elementor-top-column elementor-element elementor-element-48096891\" data-id=\"48096891\" data-element_type=\"column\" data-e-type=\"column\">\n\t\t\t<div class=\"elementor-widget-wrap elementor-element-populated\">\n\t\t\t\t\t\t<div class=\"elementor-element elementor-element-44ce5982 elementor-widget elementor-widget-text-editor\" data-id=\"44ce5982\" data-element_type=\"widget\" data-e-type=\"widget\" data-widget_type=\"text-editor.default\">\n\t\t\t\t<div class=\"elementor-widget-container\">\n\t\t\t\t\t\t\t\t\t<p>Doge \u0130n\u015faat, in\u015faat sekt\u00f6r\u00fcnde, projelendirme, m\u00fchendislik ve in\u015faat y\u00f6netimi konular\u0131nda hizmet verebilmek amac\u0131yla kurulmu\u015ftur. Kuruldu\u011fu g\u00fcnden bu yana ortaya koydu\u011fu istikrarl\u0131 performans\u0131yla s\u00fcrd\u00fcr\u00fclebilir bir b\u00fcy\u00fcme \u00f6rne\u011fi sergilemi\u015ftir.<\/p><p>Doge \u0130n\u015faat bug\u00fcn kaliteli ve g\u00fcvenilir bir hizmet sa\u011flay\u0131c\u0131, \u00f6rnek bir giri\u015fimci ve g\u00fc\u00e7l\u00fc bir yat\u0131r\u0131mc\u0131 olarak dikkat \u00e7ekmektedir.\u00a0 20\u00a0 y\u0131ll\u0131k i\u015f deneyimini, mali g\u00fcc\u00fcn\u00fc ve teknik yetkinliklerini kullanarak say\u0131s\u0131z projeyi ba\u015far\u0131yla tamamlam\u0131\u015f ve bu tecr\u00fcbe ile tek ba\u015f\u0131na \u00f6nemli projelere imza atmaya ba\u015flam\u0131\u015ft\u0131r.<\/p>\t\t\t\t\t\t\t\t<\/div>\n\t\t\t\t<\/div>\n\t\t\t\t\t<\/div>\n\t\t<\/div>\n\t\t\t\t\t<\/div>\n\t\t<\/section>\n\t\t\t\t<section class=\"elementor-section elementor-top-section elementor-element elementor-element-88095be elementor-section-boxed elementor-section-height-default elementor-section-height-default\" data-id=\"88095be\" data-element_type=\"section\" data-e-type=\"section\" data-settings=\"{&quot;background_background&quot;:&quot;classic&quot;}\">\n\t\t\t\t\t\t<div class=\"elementor-container elementor-column-gap-no\">\n\t\t\t\t\t<div class=\"elementor-column elementor-col-50 elementor-top-column elementor-element elementor-element-b59566c\" data-id=\"b59566c\" data-element_type=\"column\" data-e-type=\"column\">\n\t\t\t<div class=\"elementor-widget-wrap elementor-element-populated\">\n\t\t\t\t\t\t<div class=\"elementor-element elementor-element-b292dd2 elementor-widget elementor-widget-image-box\" data-id=\"b292dd2\" data-element_type=\"widget\" data-e-type=\"widget\" data-widget_type=\"image-box.default\">\n\t\t\t\t<div class=\"elementor-widget-container\">\n\t\t\t\t\t<div class=\"elementor-image-box-wrapper\"><div class=\"elementor-image-box-content\"><h2 class=\"elementor-image-box-title\">Misyon<\/h2><p class=\"elementor-image-box-description\">\u0130n\u015faat, m\u00fchendislik ve mimari tasar\u0131m \u00e7al\u0131\u015fmalar\u0131yla sekt\u00f6r\u00fcyle ilgili evrensel boyutta m\u00fc\u015fteri memnuniyeti, \u00e7al\u0131\u015fma ufkunu geni\u015fletmek, \u00e7a\u011fda\u015f bilimsel, teknolojik ve bilgi birikiminin egemen olmas\u0131n\u0131 sa\u011flayacak toplumun geli\u015fmesine katk\u0131da bulunacak \u00e7al\u0131\u015fmalar \u00fcretmektir.<\/p><\/div><\/div>\t\t\t\t<\/div>\n\t\t\t\t<\/div>\n\t\t\t\t\t<\/div>\n\t\t<\/div>\n\t\t\t\t<div class=\"elementor-column elementor-col-50 elementor-top-column elementor-element elementor-element-bca9a20\" data-id=\"bca9a20\" data-element_type=\"column\" data-e-type=\"column\">\n\t\t\t<div class=\"elementor-widget-wrap elementor-element-populated\">\n\t\t\t\t\t\t<div class=\"elementor-element elementor-element-b0e23ae elementor-widget elementor-widget-image-box\" data-id=\"b0e23ae\" data-element_type=\"widget\" data-e-type=\"widget\" data-widget_type=\"image-box.default\">\n\t\t\t\t<div class=\"elementor-widget-container\">\n\t\t\t\t\t<div class=\"elementor-image-box-wrapper\"><div class=\"elementor-image-box-content\"><h2 class=\"elementor-image-box-title\">Vizyon<\/h2><p class=\"elementor-image-box-description\">B\u00fct\u00fcn faaliyetlerimizde m\u00fckemmelli\u011fi yakalamak genel yakla\u015f\u0131m\u0131m\u0131zd\u0131r. uzman ve kalifiye personeli bar\u0131nd\u0131rarak, \u015fehrimizde ve b\u00f6lgemizdeki en kaliteli firmalar aras\u0131nda g\u00f6sterilen bir kurumsal yap\u0131 olu\u015fturmay\u0131 hedef edinmi\u015ftir. Yapt\u0131\u011f\u0131 in\u015faat ve peyzaj \u00e7al\u0131\u015fmalar\u0131yla g\u00f6rsellik ve i\u015flevsellikte, insan\u0131m\u0131za ve b\u00f6lgemize refah katmay\u0131 b\u00f6ylelikle \u00fclkemizdeki en kaliteli \u015firketler aras\u0131na girmeyi ama\u00e7 edinmi\u015ftir.<\/p><\/div><\/div>\t\t\t\t<\/div>\n\t\t\t\t<\/div>\n\t\t\t\t\t<\/div>\n\t\t<\/div>\n\t\t\t\t\t<\/div>\n\t\t<\/section>\n\t\t\t\t<\/div>\n\t\t","protected":false},"excerpt":{"rendered":"<p>Hakk\u0131m\u0131zda Doge \u0130n\u015faat Doge \u0130n\u015faat, in\u015faat sekt\u00f6r\u00fcnde, projelendirme, m\u00fchendislik ve in\u015faat y\u00f6netimi konular\u0131nda hizmet verebilmek amac\u0131yla kurulmu\u015ftur. Kuruldu\u011fu g\u00fcnden bu yana ortaya koydu\u011fu istikrarl\u0131 performans\u0131yla s\u00fcrd\u00fcr\u00fclebilir bir b\u00fcy\u00fcme \u00f6rne\u011fi sergilemi\u015ftir. Doge \u0130n\u015faat bug\u00fcn kaliteli ve g\u00fcvenilir bir hizmet sa\u011flay\u0131c\u0131, \u00f6rnek bir giri\u015fimci ve g\u00fc\u00e7l\u00fc bir yat\u0131r\u0131mc\u0131 olarak dikkat \u00e7ekmektedir.\u00a0 20\u00a0 y\u0131ll\u0131k i\u015f deneyimini, mali g\u00fcc\u00fcn\u00fc [&hellip;]<\/p>\n","protected":false},"author":1,"featured_media":0,"parent":0,"menu_order":2,"comment_status":"closed","ping_status":"closed","template":"","meta":{"site-sidebar-layout":"no-sidebar","site-content-layout":"page-builder","ast-site-content-layout":"default","site-content-style":"default","site-sidebar-style":"default","ast-global-header-display":"","ast-banner-title-visibility":"","ast-main-header-display":"","ast-hfb-above-header-display":"","ast-hfb-below-header-display":"","ast-hfb-mobile-header-display":"","site-post-title":"disabled","ast-breadcrumbs-content":"","ast-featured-img":"","footer-sml-layout":"disabled","theme-transparent-header-meta":"enabled","adv-header-id-meta":"","stick-header-meta":"","header-above-stick-meta":"","header-main-stick-meta":"","header-below-stick-meta":"","astra-migrate-meta-layouts":"default","ast-page-background-enabled":"default","ast-page-background-meta":{"desktop":{"background-color":"","background-image":"","background-repeat":"repeat","background-position":"center center","background-size":"auto","background-attachment":"scroll","background-type":"","background-media":"","overlay-type":"","overlay-color":"","overlay-opacity":"","overlay-gradient":""},"tablet":{"background-color":"","background-image":"","background-repeat":"repeat","background-position":"center center","background-size":"auto","background-attachment":"scroll","background-type":"","background-media":"","overlay-type":"","overlay-color":"","overlay-opacity":"","overlay-gradient":""},"mobile":{"background-color":"","background-image":"","background-repeat":"repeat","background-position":"center center","background-size":"auto","background-attachment":"scroll","background-type":"","background-media":"","overlay-type":"","overlay-color":"","overlay-opacity":"","overlay-gradient":""}},"ast-content-background-meta":{"desktop":{"background-color":"var(--ast-global-color-5)","background-image":"","background-repeat":"repeat","background-position":"center center","background-size":"auto","background-attachment":"scroll","background-type":"","background-media":"","overlay-type":"","overlay-color":"","overlay-opacity":"","overlay-gradient":""},"tablet":{"background-color":"var(--ast-global-color-5)","background-image":"","background-repeat":"repeat","background-position":"center center","background-size":"auto","background-attachment":"scroll","background-type":"","background-media":"","overlay-type":"","overlay-color":"","overlay-opacity":"","overlay-gradient":""},"mobile":{"background-color":"var(--ast-global-color-5)","background-image":"","background-repeat":"repeat","background-position":"center center","background-size":"auto","background-attachment":"scroll","background-type":"","background-media":"","overlay-type":"","overlay-color":"","overlay-opacity":"","overlay-gradient":""}},"footnotes":""},"class_list":["post-31","page","type-page","status-publish","hentry"],"yoast_head":"<!-- This site is optimized with the Yoast SEO plugin v26.9 - https:\/\/yoast.com\/product\/yoast-seo-wordpress\/ -->\n<title>Hakk\u0131m\u0131zda - DOGE \u0130N\u015eAAT<\/title>\n<meta name=\"robots\" content=\"index, follow, max-snippet:-1, max-image-preview:large, max-video-preview:-1\" \/>\n<link rel=\"canonical\" href=\"https:\/\/www.dogeinsaat.com\/index.php\/hakkimizda\/\" \/>\n<meta property=\"og:locale\" content=\"tr_TR\" \/>\n<meta property=\"og:type\" content=\"article\" \/>\n<meta property=\"og:title\" content=\"Hakk\u0131m\u0131zda - DOGE \u0130N\u015eAAT\" \/>\n<meta property=\"og:description\" content=\"Hakk\u0131m\u0131zda Doge \u0130n\u015faat Doge \u0130n\u015faat, in\u015faat sekt\u00f6r\u00fcnde, projelendirme, m\u00fchendislik ve in\u015faat y\u00f6netimi konular\u0131nda hizmet verebilmek amac\u0131yla kurulmu\u015ftur. Kuruldu\u011fu g\u00fcnden bu yana ortaya koydu\u011fu istikrarl\u0131 performans\u0131yla s\u00fcrd\u00fcr\u00fclebilir bir b\u00fcy\u00fcme \u00f6rne\u011fi sergilemi\u015ftir. Doge \u0130n\u015faat bug\u00fcn kaliteli ve g\u00fcvenilir bir hizmet sa\u011flay\u0131c\u0131, \u00f6rnek bir giri\u015fimci ve g\u00fc\u00e7l\u00fc bir yat\u0131r\u0131mc\u0131 olarak dikkat \u00e7ekmektedir.\u00a0 20\u00a0 y\u0131ll\u0131k i\u015f deneyimini, mali g\u00fcc\u00fcn\u00fc [&hellip;]\" \/>\n<meta property=\"og:url\" content=\"https:\/\/www.dogeinsaat.com\/index.php\/hakkimizda\/\" \/>\n<meta property=\"og:site_name\" content=\"DOGE \u0130N\u015eAAT\" \/>\n<meta property=\"article:modified_time\" content=\"2022-10-21T09:10:49+00:00\" \/>\n<meta name=\"twitter:card\" content=\"summary_large_image\" \/>\n<meta name=\"twitter:label1\" content=\"Tahmini okuma s\u00fcresi\" \/>\n\t<meta name=\"twitter:data1\" content=\"1 dakika\" \/>\n<script type=\"application\/ld+json\" class=\"yoast-schema-graph\">{\"@context\":\"https:\/\/schema.org\",\"@graph\":[{\"@type\":\"WebPage\",\"@id\":\"https:\/\/www.dogeinsaat.com\/index.php\/hakkimizda\/\",\"url\":\"https:\/\/www.dogeinsaat.com\/index.php\/hakkimizda\/\",\"name\":\"Hakk\u0131m\u0131zda - DOGE \u0130N\u015eAAT\",\"isPartOf\":{\"@id\":\"https:\/\/www.dogeinsaat.com\/#website\"},\"datePublished\":\"2022-10-20T11:18:52+00:00\",\"dateModified\":\"2022-10-21T09:10:49+00:00\",\"breadcrumb\":{\"@id\":\"https:\/\/www.dogeinsaat.com\/index.php\/hakkimizda\/#breadcrumb\"},\"inLanguage\":\"tr\",\"potentialAction\":[{\"@type\":\"ReadAction\",\"target\":[\"https:\/\/www.dogeinsaat.com\/index.php\/hakkimizda\/\"]}]},{\"@type\":\"BreadcrumbList\",\"@id\":\"https:\/\/www.dogeinsaat.com\/index.php\/hakkimizda\/#breadcrumb\",\"itemListElement\":[{\"@type\":\"ListItem\",\"position\":1,\"name\":\"Anasayfa\",\"item\":\"https:\/\/www.dogeinsaat.com\/\"},{\"@type\":\"ListItem\",\"position\":2,\"name\":\"Hakk\u0131m\u0131zda\"}]},{\"@type\":\"WebSite\",\"@id\":\"https:\/\/www.dogeinsaat.com\/#website\",\"url\":\"https:\/\/www.dogeinsaat.com\/\",\"name\":\"DOGE \u0130N\u015eAAT\",\"description\":\"mekan insan i&ccedil;in de\u011ferlidir\",\"publisher\":{\"@id\":\"https:\/\/www.dogeinsaat.com\/#organization\"},\"potentialAction\":[{\"@type\":\"SearchAction\",\"target\":{\"@type\":\"EntryPoint\",\"urlTemplate\":\"https:\/\/www.dogeinsaat.com\/?s={search_term_string}\"},\"query-input\":{\"@type\":\"PropertyValueSpecification\",\"valueRequired\":true,\"valueName\":\"search_term_string\"}}],\"inLanguage\":\"tr\"},{\"@type\":\"Organization\",\"@id\":\"https:\/\/www.dogeinsaat.com\/#organization\",\"name\":\"DOGE \u0130N\u015eAAT\",\"url\":\"https:\/\/www.dogeinsaat.com\/\",\"logo\":{\"@type\":\"ImageObject\",\"inLanguage\":\"tr\",\"@id\":\"https:\/\/www.dogeinsaat.com\/#\/schema\/logo\/image\/\",\"url\":\"http:\/\/www.dogeinsaat.com\/wp-content\/uploads\/2022\/10\/DOGE-INSAAT-LOGO-VE-YAZI-siyah.png\",\"contentUrl\":\"http:\/\/www.dogeinsaat.com\/wp-content\/uploads\/2022\/10\/DOGE-INSAAT-LOGO-VE-YAZI-siyah.png\",\"width\":8153,\"height\":2966,\"caption\":\"DOGE \u0130N\u015eAAT\"},\"image\":{\"@id\":\"https:\/\/www.dogeinsaat.com\/#\/schema\/logo\/image\/\"}}]}<\/script>\n<!-- \/ Yoast SEO plugin. -->","yoast_head_json":{"title":"Hakk\u0131m\u0131zda - DOGE \u0130N\u015eAAT","robots":{"index":"index","follow":"follow","max-snippet":"max-snippet:-1","max-image-preview":"max-image-preview:large","max-video-preview":"max-video-preview:-1"},"canonical":"https:\/\/www.dogeinsaat.com\/index.php\/hakkimizda\/","og_locale":"tr_TR","og_type":"article","og_title":"Hakk\u0131m\u0131zda - DOGE \u0130N\u015eAAT","og_description":"Hakk\u0131m\u0131zda Doge \u0130n\u015faat Doge \u0130n\u015faat, in\u015faat sekt\u00f6r\u00fcnde, projelendirme, m\u00fchendislik ve in\u015faat y\u00f6netimi konular\u0131nda hizmet verebilmek amac\u0131yla kurulmu\u015ftur. Kuruldu\u011fu g\u00fcnden bu yana ortaya koydu\u011fu istikrarl\u0131 performans\u0131yla s\u00fcrd\u00fcr\u00fclebilir bir b\u00fcy\u00fcme \u00f6rne\u011fi sergilemi\u015ftir. Doge \u0130n\u015faat bug\u00fcn kaliteli ve g\u00fcvenilir bir hizmet sa\u011flay\u0131c\u0131, \u00f6rnek bir giri\u015fimci ve g\u00fc\u00e7l\u00fc bir yat\u0131r\u0131mc\u0131 olarak dikkat \u00e7ekmektedir.\u00a0 20\u00a0 y\u0131ll\u0131k i\u015f deneyimini, mali g\u00fcc\u00fcn\u00fc [&hellip;]","og_url":"https:\/\/www.dogeinsaat.com\/index.php\/hakkimizda\/","og_site_name":"DOGE \u0130N\u015eAAT","article_modified_time":"2022-10-21T09:10:49+00:00","twitter_card":"summary_large_image","twitter_misc":{"Tahmini okuma s\u00fcresi":"1 dakika"},"schema":{"@context":"https:\/\/schema.org","@graph":[{"@type":"WebPage","@id":"https:\/\/www.dogeinsaat.com\/index.php\/hakkimizda\/","url":"https:\/\/www.dogeinsaat.com\/index.php\/hakkimizda\/","name":"Hakk\u0131m\u0131zda - DOGE \u0130N\u015eAAT","isPartOf":{"@id":"https:\/\/www.dogeinsaat.com\/#website"},"datePublished":"2022-10-20T11:18:52+00:00","dateModified":"2022-10-21T09:10:49+00:00","breadcrumb":{"@id":"https:\/\/www.dogeinsaat.com\/index.php\/hakkimizda\/#breadcrumb"},"inLanguage":"tr","potentialAction":[{"@type":"ReadAction","target":["https:\/\/www.dogeinsaat.com\/index.php\/hakkimizda\/"]}]},{"@type":"BreadcrumbList","@id":"https:\/\/www.dogeinsaat.com\/index.php\/hakkimizda\/#breadcrumb","itemListElement":[{"@type":"ListItem","position":1,"name":"Anasayfa","item":"https:\/\/www.dogeinsaat.com\/"},{"@type":"ListItem","position":2,"name":"Hakk\u0131m\u0131zda"}]},{"@type":"WebSite","@id":"https:\/\/www.dogeinsaat.com\/#website","url":"https:\/\/www.dogeinsaat.com\/","name":"DOGE \u0130N\u015eAAT","description":"mekan insan i&ccedil;in de\u011ferlidir","publisher":{"@id":"https:\/\/www.dogeinsaat.com\/#organization"},"potentialAction":[{"@type":"SearchAction","target":{"@type":"EntryPoint","urlTemplate":"https:\/\/www.dogeinsaat.com\/?s={search_term_string}"},"query-input":{"@type":"PropertyValueSpecification","valueRequired":true,"valueName":"search_term_string"}}],"inLanguage":"tr"},{"@type":"Organization","@id":"https:\/\/www.dogeinsaat.com\/#organization","name":"DOGE \u0130N\u015eAAT","url":"https:\/\/www.dogeinsaat.com\/","logo":{"@type":"ImageObject","inLanguage":"tr","@id":"https:\/\/www.dogeinsaat.com\/#\/schema\/logo\/image\/","url":"http:\/\/www.dogeinsaat.com\/wp-content\/uploads\/2022\/10\/DOGE-INSAAT-LOGO-VE-YAZI-siyah.png","contentUrl":"http:\/\/www.dogeinsaat.com\/wp-content\/uploads\/2022\/10\/DOGE-INSAAT-LOGO-VE-YAZI-siyah.png","width":8153,"height":2966,"caption":"DOGE \u0130N\u015eAAT"},"image":{"@id":"https:\/\/www.dogeinsaat.com\/#\/schema\/logo\/image\/"}}]}},"_links":{"self":[{"href":"https:\/\/www.dogeinsaat.com\/index.php\/wp-json\/wp\/v2\/pages\/31","targetHints":{"allow":["GET"]}}],"collection":[{"href":"https:\/\/www.dogeinsaat.com\/index.php\/wp-json\/wp\/v2\/pages"}],"about":[{"href":"https:\/\/www.dogeinsaat.com\/index.php\/wp-json\/wp\/v2\/types\/page"}],"author":[{"embeddable":true,"href":"https:\/\/www.dogeinsaat.com\/index.php\/wp-json\/wp\/v2\/users\/1"}],"replies":[{"embeddable":true,"href":"https:\/\/www.dogeinsaat.com\/index.php\/wp-json\/wp\/v2\/comments?post=31"}],"version-history":[{"count":0,"href":"https:\/\/www.dogeinsaat.com\/index.php\/wp-json\/wp\/v2\/pages\/31\/revisions"}],"wp:attachment":[{"href":"https:\/\/www.dogeinsaat.com\/index.php\/wp-json\/wp\/v2\/media?parent=31"}],"curies":[{"name":"wp","href":"https:\/\/api.w.org\/{rel}","templated":true}]}}